{"id":494,"date":"2021-12-23T12:24:44","date_gmt":"2021-12-23T11:24:44","guid":{"rendered":"http:\/\/recyclerielasource.fr\/?page_id=494"},"modified":"2023-05-16T12:13:31","modified_gmt":"2023-05-16T10:13:31","slug":"depots-volontaires","status":"publish","type":"page","link":"https:\/\/recyclerielasource.fr\/?page_id=494","title":{"rendered":"Comment \u00e7a marche ?"},"content":{"rendered":"<h2>Comment \u00e7a marche ?<\/h2>\n<p>UNIQUE SUR RENDEZ-VOUS en nous contactant au 09 53 92 95 62 ou en nous \u00e9crivant \u00e0&nbsp;<a href=\"mailto:contact@recyclerielasource.fr\">contact@recyclerielasource.fr<\/a><\/p>\n<p>Notre \u00e9quipe de b\u00e9n\u00e9voles peut \u00e9galement r\u00e9aliser des&nbsp;collectes \u00e0 domiciles, des d\u00e9barras et des collectes chez les professionnels.&nbsp;Ce service peut faire l\u2019objet d\u2019une participation aux frais en fonction des objets \u00e0 d\u00e9barrasser ou du lieu d\u2019enl\u00e8vement. Nous consulter pour plus d\u2019informations.<\/p>\n<p>\t\t\t\t\t\t\t\t\t\t\t\t\t\t\t<img decoding=\"async\" width=\"2560\" height=\"1707\" src=\"http:\/\/recyclerielasource.fr\/wp-content\/uploads\/2021\/12\/web-OBJET-BOUTIQUE-SOLIDAIRE-scaled.jpg\" alt=\"\" loading=\"lazy\" srcset=\"http:\/\/recyclerielasource.fr\/wp-content\/uploads\/2021\/12\/web-OBJET-BOUTIQUE-SOLIDAIRE-scaled.jpg 2560w, http:\/\/recyclerielasource.fr\/wp-content\/uploads\/2021\/12\/web-OBJET-BOUTIQUE-SOLIDAIRE-300x200.jpg 300w, http:\/\/recyclerielasource.fr\/wp-content\/uploads\/2021\/12\/web-OBJET-BOUTIQUE-SOLIDAIRE-1024x683.jpg 1024w, http:\/\/recyclerielasource.fr\/wp-content\/uploads\/2021\/12\/web-OBJET-BOUTIQUE-SOLIDAIRE-768x512.jpg 768w, http:\/\/recyclerielasource.fr\/wp-content\/uploads\/2021\/12\/web-OBJET-BOUTIQUE-SOLIDAIRE-1536x1024.jpg 1536w, http:\/\/recyclerielasource.fr\/wp-content\/uploads\/2021\/12\/web-OBJET-BOUTIQUE-SOLIDAIRE-2048x1365.jpg 2048w\" sizes=\"(max-width: 2560px) 100vw, 2560px\" \/>\t\t\t\t\t\t\t\t\t\t\t\t\t\t\t<\/p>\n<h4 style=\"font-size: 16px; font-style: normal; font-weight: 400;\">Ce que l\u2019on prend ?<\/h4>\n<ul>\n<li>L\u2019\u00e9lectrom\u00e9nager, l\u2019outillage, le multim\u00e9dia fonctionnel, complet et pr\u00e9sentable<\/li>\n<li>Les meubles en bon \u00e9tat<\/li>\n<li>Les livres, CD, DVD, vinyles, jeux et jouets<\/li>\n<li>Les v\u00eatements propres en tr\u00e8s bon \u00e9tat, les chaussures neuves<\/li>\n<li>La vaisselle propre, non \u00e9br\u00e9ch\u00e9e<\/li>\n<li>Les bibelots en un seul morceau<\/li>\n<li>les articles de sport<\/li>\n<li>Les articles de pu\u00e9riculture<\/li>\n<li>Les couvertures propres et en bon \u00e9tat<\/li>\n<li>Les matelas propres et non tach\u00e9s<\/li>\n<\/ul>\n<h4 style=\"font-size: 16px; font-style: normal; font-weight: 400;\">Ce que l\u2019on ne prend pas ?<\/h4>\n<ul style=\"font-size: 16px; font-style: normal; font-weight: 400;\">\n<li style=\"font-size: 16px;\">les v\u00eatements t\u00e2ch\u00e9s ou trou\u00e9s, les chaussures si elles n\u2019ont pas un aspect neuf<\/li>\n<li style=\"font-size: 16px;\">les meubles v\u00e9reux<\/li>\n<li style=\"font-size: 16px;\">la vaisselle \u00e9br\u00e9ch\u00e9e<\/li>\n<li style=\"font-size: 16px;\">les cassettes audio et vid\u00e9o<\/li>\n<li style=\"font-size: 16px;\">livres ab\u00eem\u00e9s (Pas de reliure cass\u00e9es, livres gondol\u00e9s, feuilles d\u00e9tach\u00e9es, t\u00e2ches incrust\u00e9es, pas de couvertures pli\u00e9es, couleurs d\u00e9lav\u00e9es, couvertures d\u00e9chir\u00e9es\u2026)<\/li>\n<\/ul>\n<p>\t\t\t\t\t\t\t\t\t\t\t\t\t\t\t<img decoding=\"async\" width=\"2048\" height=\"1280\" src=\"http:\/\/recyclerielasource.fr\/wp-content\/uploads\/2022\/02\/271669169_278736884168664_6990321477924660636_n.jpg\" alt=\"\" loading=\"lazy\" srcset=\"http:\/\/recyclerielasource.fr\/wp-content\/uploads\/2022\/02\/271669169_278736884168664_6990321477924660636_n.jpg 2048w, http:\/\/recyclerielasource.fr\/wp-content\/uploads\/2022\/02\/271669169_278736884168664_6990321477924660636_n-300x188.jpg 300w, http:\/\/recyclerielasource.fr\/wp-content\/uploads\/2022\/02\/271669169_278736884168664_6990321477924660636_n-1024x640.jpg 1024w, http:\/\/recyclerielasource.fr\/wp-content\/uploads\/2022\/02\/271669169_278736884168664_6990321477924660636_n-768x480.jpg 768w, http:\/\/recyclerielasource.fr\/wp-content\/uploads\/2022\/02\/271669169_278736884168664_6990321477924660636_n-1536x960.jpg 1536w\" sizes=\"(max-width: 2048px) 100vw, 2048px\" \/><\/p>\n","protected":false},"excerpt":{"rendered":"<p>Comment \u00e7a marche ? UNIQUE SUR RENDEZ-VOUS en nous contactant au 09 53 92 95 62 ou en nous \u00e9crivant \u00e0&nbsp;contact@recyclerielasource.fr Notre \u00e9quipe de b\u00e9n\u00e9voles peut \u00e9galement r\u00e9aliser des&nbsp;collectes \u00e0 domiciles, des d\u00e9barras et des collectes chez les professionnels.&nbsp;Ce service peut faire l\u2019objet d\u2019une participation aux frais en fonction des objets \u00e0 d\u00e9barrasser ou du &hellip;<\/p>\n<p class=\"read-more\"> <a class=\"\" href=\"https:\/\/recyclerielasource.fr\/?page_id=494\"> <span class=\"screen-reader-text\">Comment \u00e7a marche ?<\/span> Lire la suite\u00a0\u00bb<\/a><\/p>\n","protected":false},"author":1,"featured_media":0,"parent":0,"menu_order":0,"comment_status":"closed","ping_status":"closed","template":"","meta":{"site-sidebar-layout":"no-sidebar","site-content-layout":"page-builder","ast-site-content-layout":"","site-content-style":"default","site-sidebar-style":"default","ast-global-header-display":"","ast-banner-title-visibility":"","ast-main-header-display":"","ast-hfb-above-header-display":"","ast-hfb-below-header-display":"","ast-hfb-mobile-header-display":"","site-post-title":"disabled","ast-breadcrumbs-content":"","ast-featured-img":"disabled","footer-sml-layout":"","theme-transparent-header-meta":"","adv-header-id-meta":"","stick-header-meta":"","header-above-stick-meta":"","header-main-stick-meta":"","header-below-stick-meta":"","astra-migrate-meta-layouts":"","footnotes":""},"_links":{"self":[{"href":"https:\/\/recyclerielasource.fr\/index.php?rest_route=\/wp\/v2\/pages\/494"}],"collection":[{"href":"https:\/\/recyclerielasource.fr\/index.php?rest_route=\/wp\/v2\/pages"}],"about":[{"href":"https:\/\/recyclerielasource.fr\/index.php?rest_route=\/wp\/v2\/types\/page"}],"author":[{"embeddable":true,"href":"https:\/\/recyclerielasource.fr\/index.php?rest_route=\/wp\/v2\/users\/1"}],"replies":[{"embeddable":true,"href":"https:\/\/recyclerielasource.fr\/index.php?rest_route=%2Fwp%2Fv2%2Fcomments&post=494"}],"version-history":[{"count":29,"href":"https:\/\/recyclerielasource.fr\/index.php?rest_route=\/wp\/v2\/pages\/494\/revisions"}],"predecessor-version":[{"id":667,"href":"https:\/\/recyclerielasource.fr\/index.php?rest_route=\/wp\/v2\/pages\/494\/revisions\/667"}],"wp:attachment":[{"href":"https:\/\/recyclerielasource.fr\/index.php?rest_route=%2Fwp%2Fv2%2Fmedia&parent=494"}],"curies":[{"name":"wp","href":"https:\/\/api.w.org\/{rel}","templated":true}]}}